{"id":8670,"date":"2022-03-09T08:45:13","date_gmt":"2022-03-09T07:45:13","guid":{"rendered":"https:\/\/ckcpr.fr\/?page_id=8670"},"modified":"2025-09-02T21:08:01","modified_gmt":"2025-09-02T19:08:01","slug":"activite-encadree-et-horaires","status":"publish","type":"page","link":"https:\/\/ckcpr.fr\/activites-encadrees-et-horaires","title":{"rendered":"Activit\u00e9s encadr\u00e9es et horaires"},"content":{"rendered":"\t\t<div data-elementor-type=\"wp-page\" data-elementor-id=\"8670\" class=\"elementor elementor-8670\">\n\t\t\t\t\t\t<section class=\"elementor-section elementor-top-section elementor-element elementor-element-36af0e9c elementor-section-boxed elementor-section-height-default elementor-section-height-default\" data-id=\"36af0e9c\" data-element_type=\"section\" data-e-type=\"section\">\n\t\t\t\t\t\t<div class=\"elementor-container elementor-column-gap-default\">\n\t\t\t\t\t<div class=\"elementor-column elementor-col-100 elementor-top-column elementor-element elementor-element-1a75ef2e\" data-id=\"1a75ef2e\" data-element_type=\"column\" data-e-type=\"column\">\n\t\t\t<div class=\"elementor-widget-wrap elementor-element-populated\">\n\t\t\t\t\t\t<div class=\"elementor-element elementor-element-3f282aad elementor-widget elementor-widget-text-editor\" data-id=\"3f282aad\" data-element_type=\"widget\" data-e-type=\"widget\" data-widget_type=\"text-editor.default\">\n\t\t\t\t<div class=\"elementor-widget-container\">\n\t\t\t\t\t\t\t\t\t<h2>Activit\u00e9s encadr\u00e9es et horaires<\/h2><p>Le Cano\u00eb-Kayak Club de Pont-R\u00e9an propose des activit\u00e9s encadr\u00e9es pour les adh\u00e9rents de 7 \u00e0 77 ans.<\/p><p>Pour nos adh\u00e9rents, les activit\u00e9s encadr\u00e9es par nos \u00e9ducateurs sportifs form\u00e9s et dipl\u00f4m\u00e9s d&rsquo;\u00e9tat se structurent autour de l&rsquo;\u00e9cole de pagaie (Minimoy&rsquo;s, Yakari), l&rsquo;\u00e9cole de sport, la section sportive, le groupe des comp\u00e9titeurs, le groupe loisir jeunes et adultes et le sport-sant\u00e9 :<\/p><ul><li><strong>Ecole de pagaie<\/strong> avec le groupe des Minimoy&rsquo;s pour les enfants de 7 \u00e0 10 ans et le groupe des Yakaris pour les enfants de 11 \u00e0 14 ans. Elle permet aux plus jeunes de donner leurs premiers coups de pagaies en eaux vives, en eau calme ou en mer et de donner go\u00fbt \u00e0 la navigation, susciter l\u2019envie d\u2019apprendre quelle que soit l\u2019embarcation utilis\u00e9e, individuelle ou collective ;<\/li><li><strong>Ecole de sport<\/strong> pour les enfants de 10 \u00e0 14 ans ayant au moins 1 an de pratique ;<\/li><li><strong>Section sportive<\/strong> en partenariat avec le coll\u00e8ge No\u00ebl du Fail de Guichen r\u00e9serv\u00e9e aux \u00e9l\u00e8ves en classe de 4e et de 3e d\u00e9sireux de pratiquer le cano\u00eb-kayak ;<\/li><li><strong>Comp\u00e9tition<\/strong> pour les jeunes de plus de 15 ans et les adultes ;<\/li><li><strong>Loisir jeunes<\/strong> pour les jeunes ne souhaitant pas s&rsquo;engager en comp\u00e9tition ;<\/li><li><strong>Loisirs adultes<\/strong> pour les personnes souhaitant passer un moment agr\u00e9able en pleine nature ;<\/li><li><strong>Activit\u00e9 physique adapt\u00e9e (APA)<\/strong>. Ce cr\u00e9neau est ouvert \u00e0 toute personne majeure atteinte d\u2019une affection de longue dur\u00e9e (ALD) ou<br \/>d\u2019une maladie chronique d\u00e9sireuse de pratiquer une activit\u00e9 adapt\u00e9e et progressive encadr\u00e9e par nos \u00e9ducateurs sportifs form\u00e9s \u00e0 l\u2019APA.<\/li><\/ul><p>Ci-dessous, vous trouverez le calendrier de la saison sept-2024 &#8211; juin 2025 qui pr\u00e9cise les horaires des s\u00e9ances encadr\u00e9es pour les diff\u00e9rents groupes.<\/p><p>En dehors de ces cr\u00e9neaux horaires, tout au long de l&rsquo;ann\u00e9e et notamment lors des vacances scolaires, nous proposons \u00e9galement \u00e0 nos adh\u00e9rents des stages de perfectionnement ou des sorties \u00e0 la journ\u00e9e pour aller \u00e0 la d\u00e9couverte de nouveaux milieux. A titre d&rsquo;exemple, des sorties en mer sont propos\u00e9es r\u00e9guli\u00e8rement du c\u00f4t\u00e9 de Quiberon ou encore de Saint-Malo pour faire le tour de l&rsquo;\u00eele de C\u00e9zembre. Des sorties sont aussi propos\u00e9es pour d\u00e9couvrir d&rsquo;autres rivi\u00e8res bretonnes, comme le Scorff ou l&rsquo;Ell\u00e9. Nous proposons \u00e9galement des s\u00e9ances sur le bassin de Cesson-S\u00e9vign\u00e9&#8230;<\/p><figure><figcaption><strong>Horaires des s\u00e9ances encadr\u00e9es<\/strong><\/figcaption><figcaption><\/figcaption><\/figure><figure><figcaption><\/figcaption><\/figure><p><!-- start Content Grid --><\/p><p><style type=\"text\/css\">\/* widget: Content Grid *\/<br \/>#uc_content_grid2_elementor_d8ac0ec3 a.uc_more_btn{<br \/>\ttext-align: center;<br \/>\ttransition: all 0.25s ease-in-out;<br \/>}<br \/>#uc_content_grid2_elementor_d8ac0ec3 * {<br \/>\tbox-sizing: border-box;<br \/>}<br \/>#uc_content_grid2_elementor_d8ac0ec3 .uc_post_grid_style_one_wrap {<br \/>\tdisplay: grid;<br \/>}<br \/>#uc_content_grid2_elementor_d8ac0ec3 .uc_post_grid_style_one_image {<br \/>\twidth: 100%;<br \/>\toverflow: hidden;<br \/>\tdisplay: block;<br \/>}<br \/>#uc_content_grid2_elementor_d8ac0ec3 .uc_post_image {<br \/>\twidth: inherit;<br \/>\theight: inherit;<br \/>\tbackground-size: cover;<br \/>\tbackground-position: center center;<br \/>\tbackground-repeat: no-repeat;<br \/>\tdisplay: block;<br \/>\ttransition: all 0.25s ease-in-out;<br \/>}<br \/>#uc_content_grid2_elementor_d8ac0ec3 .uc_post_grid_style_one_item:hover .uc_post_image {<br \/>\ttransform: scale(1.1);<br \/>}<br \/>#uc_content_grid2_elementor_d8ac0ec3 .ue-item<br \/>{<br \/>  position:relative;<br \/>  overflow:hidden;<br \/>}<br \/>#uc_content_grid2_elementor_d8ac0ec3 .ue-item-title<br \/>{<br \/>  width:100%;<br \/>}<br \/>#uc_content_grid2_elementor_d8ac0ec3 .ue-item-text<br \/>{<br \/>  width:100%;<br \/>}<br \/>#uc_content_grid2_elementor_d8ac0ec3 .uc_content<br \/>{<br \/>  display:flex;<br \/>  flex-direction:column;<br \/>}<br \/>#uc_content_grid2_elementor_d8ac0ec3 .ue-content-wrapper<br \/>{<br \/>  width:100%;<br \/>}<br \/>#uc_content_grid2_elementor_d8ac0ec3 .ue-button<br \/>{<br \/>  margin-top:auto;<br \/>}<br \/>#uc_content_grid2_elementor_d8ac0ec3 .ue-button<br \/>{<br \/>  width:100%;<br \/>}<br \/><\/style><\/p><p><!-- end Content Grid --><\/p>\t\t\t\t\t\t\t\t<\/div>\n\t\t\t\t<\/div>\n\t\t\t\t<div class=\"elementor-element elementor-element-e85b3e9 elementor-align-center elementor-widget elementor-widget-button\" data-id=\"e85b3e9\" data-element_type=\"widget\" data-e-type=\"widget\" data-widget_type=\"button.default\">\n\t\t\t\t<div class=\"elementor-widget-container\">\n\t\t\t\t\t\t\t\t\t<div class=\"elementor-button-wrapper\">\n\t\t\t\t\t<a class=\"elementor-button elementor-button-link elementor-size-sm\" href=\"https:\/\/canoe-kayak-club-pont-rean.assoconnect.com\/collect\/description\/577376-y-adhesion-ckcpr-licence-kayak-sept-2025-a-aout-2026\" target=\"_blank\" id=\"Pour Adh\u00e9rer Cliquez ICI\">\n\t\t\t\t\t\t<span class=\"elementor-button-content-wrapper\">\n\t\t\t\t\t\t\t\t\t<span class=\"elementor-button-text\">Cliquez ICI pour adh\u00e9rer<\/span>\n\t\t\t\t\t<\/span>\n\t\t\t\t\t<\/a>\n\t\t\t\t<\/div>\n\t\t\t\t\t\t\t\t<\/div>\n\t\t\t\t<\/div>\n\t\t\t\t\t<\/div>\n\t\t<\/div>\n\t\t\t\t\t<\/div>\n\t\t<\/section>\n\t\t\t\t<section class=\"elementor-section elementor-top-section elementor-element elementor-element-353d7f1 elementor-section-boxed elementor-section-height-default elementor-section-height-default\" data-id=\"353d7f1\" data-element_type=\"section\" data-e-type=\"section\">\n\t\t\t\t\t\t<div class=\"elementor-container elementor-column-gap-default\">\n\t\t\t\t\t<div class=\"elementor-column elementor-col-100 elementor-top-column elementor-element elementor-element-c66f2fc\" data-id=\"c66f2fc\" data-element_type=\"column\" data-e-type=\"column\">\n\t\t\t<div class=\"elementor-widget-wrap elementor-element-populated\">\n\t\t\t\t\t\t<div class=\"elementor-element elementor-element-e6c8b74 elementor-widget elementor-widget-image\" data-id=\"e6c8b74\" data-element_type=\"widget\" data-e-type=\"widget\" data-widget_type=\"image.default\">\n\t\t\t\t<div class=\"elementor-widget-container\">\n\t\t\t\t\t\t\t\t\t\t\t\t\t\t\t<img fetchpriority=\"high\" decoding=\"async\" width=\"605\" height=\"856\" src=\"https:\/\/ckcpr.fr\/wp-content\/uploads\/2025\/09\/IMG_7424.webp\" class=\"attachment-large size-large wp-image-14908\" alt=\"\" srcset=\"https:\/\/ckcpr.fr\/wp-content\/uploads\/2025\/09\/IMG_7424.webp 605w, https:\/\/ckcpr.fr\/wp-content\/uploads\/2025\/09\/IMG_7424-212x300.webp 212w, https:\/\/ckcpr.fr\/wp-content\/uploads\/2025\/09\/IMG_7424-600x849.webp 600w\" sizes=\"(max-width: 605px) 100vw, 605px\" \/>\t\t\t\t\t\t\t\t\t\t\t\t\t\t\t<\/div>\n\t\t\t\t<\/div>\n\t\t\t\t<div class=\"elementor-element elementor-element-4c02116 elementor-widget elementor-widget-image\" data-id=\"4c02116\" data-element_type=\"widget\" data-e-type=\"widget\" data-widget_type=\"image.default\">\n\t\t\t\t<div class=\"elementor-widget-container\">\n\t\t\t\t\t\t\t\t\t\t\t\t\t\t\t<img decoding=\"async\" width=\"605\" height=\"856\" src=\"https:\/\/ckcpr.fr\/wp-content\/uploads\/2025\/09\/IMG_7425.webp\" class=\"attachment-large size-large wp-image-14907\" alt=\"\" srcset=\"https:\/\/ckcpr.fr\/wp-content\/uploads\/2025\/09\/IMG_7425.webp 605w, https:\/\/ckcpr.fr\/wp-content\/uploads\/2025\/09\/IMG_7425-212x300.webp 212w, https:\/\/ckcpr.fr\/wp-content\/uploads\/2025\/09\/IMG_7425-600x849.webp 600w\" sizes=\"(max-width: 605px) 100vw, 605px\" \/>\t\t\t\t\t\t\t\t\t\t\t\t\t\t\t<\/div>\n\t\t\t\t<\/div>\n\t\t\t\t\t<\/div>\n\t\t<\/div>\n\t\t\t\t\t<\/div>\n\t\t<\/section>\n\t\t\t\t<\/div>\n\t\t","protected":false},"excerpt":{"rendered":"<p>Activit\u00e9s encadr\u00e9es et horaires Le Cano\u00eb-Kayak Club de Pont-R\u00e9an propose des activit\u00e9s encadr\u00e9es pour les adh\u00e9rents de 7 \u00e0 77 ans. Pour nos adh\u00e9rents, les activit\u00e9s encadr\u00e9es par nos \u00e9ducateurs sportifs form\u00e9s et dipl\u00f4m\u00e9s d&rsquo;\u00e9tat se structurent autour de l&rsquo;\u00e9cole de pagaie (Minimoy&rsquo;s, Yakari), l&rsquo;\u00e9cole de sport, la section sportive, le groupe des comp\u00e9titeurs, le [&hellip;]<\/p>\n","protected":false},"author":11,"featured_media":2981,"parent":0,"menu_order":0,"comment_status":"closed","ping_status":"closed","template":"","meta":{"site-sidebar-layout":"no-sidebar","site-content-layout":"page-builder","ast-site-content-layout":"full-width-container","site-content-style":"unboxed","site-sidebar-style":"unboxed","ast-global-header-display":"","ast-banner-title-visibility":"","ast-main-header-display":"","ast-hfb-above-header-display":"","ast-hfb-below-header-display":"","ast-hfb-mobile-header-display":"","site-post-title":"disabled","ast-breadcrumbs-content":"","ast-featured-img":"disabled","footer-sml-layout":"","ast-disable-related-posts":"","theme-transparent-header-meta":"","adv-header-id-meta":"","stick-header-meta":"","header-above-stick-meta":"","header-main-stick-meta":"","header-below-stick-meta":"","astra-migrate-meta-layouts":"set","ast-page-background-enabled":"default","ast-page-background-meta":{"desktop":{"background-color":"","background-image":"","background-repeat":"repeat","background-position":"center center","background-size":"auto","background-attachment":"scroll","background-type":"","background-media":"","overlay-type":"","overlay-color":"","overlay-opacity":"","overlay-gradient":""},"tablet":{"background-color":"","background-image":"","background-repeat":"repeat","background-position":"center center","background-size":"auto","background-attachment":"scroll","background-type":"","background-media":"","overlay-type":"","overlay-color":"","overlay-opacity":"","overlay-gradient":""},"mobile":{"background-color":"","background-image":"","background-repeat":"repeat","background-position":"center center","background-size":"auto","background-attachment":"scroll","background-type":"","background-media":"","overlay-type":"","overlay-color":"","overlay-opacity":"","overlay-gradient":""}},"ast-content-background-meta":{"desktop":{"background-color":"var(--ast-global-color-5)","background-image":"","background-repeat":"repeat","background-position":"center center","background-size":"auto","background-attachment":"scroll","background-type":"","background-media":"","overlay-type":"","overlay-color":"","overlay-opacity":"","overlay-gradient":""},"tablet":{"background-color":"var(--ast-global-color-5)","background-image":"","background-repeat":"repeat","background-position":"center center","background-size":"auto","background-attachment":"scroll","background-type":"","background-media":"","overlay-type":"","overlay-color":"","overlay-opacity":"","overlay-gradient":""},"mobile":{"background-color":"var(--ast-global-color-5)","background-image":"","background-repeat":"repeat","background-position":"center center","background-size":"auto","background-attachment":"scroll","background-type":"","background-media":"","overlay-type":"","overlay-color":"","overlay-opacity":"","overlay-gradient":""}},"footnotes":""},"class_list":["post-8670","page","type-page","status-publish","has-post-thumbnail","hentry"],"yoast_head":"<!-- This site is optimized with the Yoast SEO plugin v27.4 - https:\/\/yoast.com\/product\/yoast-seo-wordpress\/ -->\n<title>Activit\u00e9s encadr\u00e9es et horaires - Cano\u00eb-Kayak Club de Pont-R\u00e9an<\/title>\n<meta name=\"description\" content=\"Cano\u00eb-Kayak Club de Pont-R\u00e9an - ACTIVIT\u00c9S ENCADR\u00c9ES : comp\u00e9tition, loisirs jeunes et adultes, activit\u00e9 physique adapt\u00e9e (APA).\" \/>\n<meta name=\"robots\" content=\"index, follow, max-snippet:-1, max-image-preview:large, max-video-preview:-1\" \/>\n<link rel=\"canonical\" href=\"https:\/\/ckcpr.fr\/activites-encadrees-et-horaires\/\" \/>\n<meta property=\"og:locale\" content=\"fr_FR\" \/>\n<meta property=\"og:type\" content=\"article\" \/>\n<meta property=\"og:title\" content=\"Activit\u00e9s encadr\u00e9es et horaires - Cano\u00eb-Kayak Club de Pont-R\u00e9an\" \/>\n<meta property=\"og:description\" content=\"Cano\u00eb-Kayak Club de Pont-R\u00e9an - ACTIVIT\u00c9S ENCADR\u00c9ES : comp\u00e9tition, loisirs jeunes et adultes, activit\u00e9 physique adapt\u00e9e (APA).\" \/>\n<meta property=\"og:url\" content=\"https:\/\/ckcpr.fr\/activites-encadrees-et-horaires\/\" \/>\n<meta property=\"og:site_name\" content=\"Cano\u00eb-Kayak Club de Pont-R\u00e9an\" \/>\n<meta property=\"article:modified_time\" content=\"2025-09-02T19:08:01+00:00\" \/>\n<meta property=\"og:image\" content=\"https:\/\/ckcpr.fr\/wp-content\/uploads\/2022\/01\/cropped-cropped-favicon_Plan-de-travail-1.jpg\" \/>\n\t<meta property=\"og:image:width\" content=\"512\" \/>\n\t<meta property=\"og:image:height\" content=\"512\" \/>\n\t<meta property=\"og:image:type\" content=\"image\/jpeg\" \/>\n<meta name=\"twitter:label1\" content=\"Dur\u00e9e de lecture estim\u00e9e\" \/>\n\t<meta name=\"twitter:data1\" content=\"3 minutes\" \/>\n<script type=\"application\/ld+json\" class=\"yoast-schema-graph\">{\"@context\":\"https:\\\/\\\/schema.org\",\"@graph\":[{\"@type\":\"WebPage\",\"@id\":\"https:\\\/\\\/ckcpr.fr\\\/activites-encadrees-et-horaires\\\/\",\"url\":\"https:\\\/\\\/ckcpr.fr\\\/activites-encadrees-et-horaires\\\/\",\"name\":\"Activit\u00e9s encadr\u00e9es et horaires - Cano\u00eb-Kayak Club de Pont-R\u00e9an\",\"isPartOf\":{\"@id\":\"https:\\\/\\\/ckcpr.fr\\\/#website\"},\"primaryImageOfPage\":{\"@id\":\"https:\\\/\\\/ckcpr.fr\\\/activites-encadrees-et-horaires\\\/#primaryimage\"},\"image\":{\"@id\":\"https:\\\/\\\/ckcpr.fr\\\/activites-encadrees-et-horaires\\\/#primaryimage\"},\"thumbnailUrl\":\"https:\\\/\\\/ckcpr.fr\\\/wp-content\\\/uploads\\\/2022\\\/01\\\/cropped-cropped-favicon_Plan-de-travail-1.jpg\",\"datePublished\":\"2022-03-09T07:45:13+00:00\",\"dateModified\":\"2025-09-02T19:08:01+00:00\",\"description\":\"Cano\u00eb-Kayak Club de Pont-R\u00e9an - ACTIVIT\u00c9S ENCADR\u00c9ES : comp\u00e9tition, loisirs jeunes et adultes, activit\u00e9 physique adapt\u00e9e (APA).\",\"breadcrumb\":{\"@id\":\"https:\\\/\\\/ckcpr.fr\\\/activites-encadrees-et-horaires\\\/#breadcrumb\"},\"inLanguage\":\"fr-FR\",\"potentialAction\":[{\"@type\":\"ReadAction\",\"target\":[\"https:\\\/\\\/ckcpr.fr\\\/activites-encadrees-et-horaires\\\/\"]}]},{\"@type\":\"ImageObject\",\"inLanguage\":\"fr-FR\",\"@id\":\"https:\\\/\\\/ckcpr.fr\\\/activites-encadrees-et-horaires\\\/#primaryimage\",\"url\":\"https:\\\/\\\/ckcpr.fr\\\/wp-content\\\/uploads\\\/2022\\\/01\\\/cropped-cropped-favicon_Plan-de-travail-1.jpg\",\"contentUrl\":\"https:\\\/\\\/ckcpr.fr\\\/wp-content\\\/uploads\\\/2022\\\/01\\\/cropped-cropped-favicon_Plan-de-travail-1.jpg\",\"width\":512,\"height\":512},{\"@type\":\"BreadcrumbList\",\"@id\":\"https:\\\/\\\/ckcpr.fr\\\/activites-encadrees-et-horaires\\\/#breadcrumb\",\"itemListElement\":[{\"@type\":\"ListItem\",\"position\":1,\"name\":\"Accueil\",\"item\":\"https:\\\/\\\/ckcpr.fr\\\/\"},{\"@type\":\"ListItem\",\"position\":2,\"name\":\"Activit\u00e9s encadr\u00e9es et horaires\"}]},{\"@type\":\"WebSite\",\"@id\":\"https:\\\/\\\/ckcpr.fr\\\/#website\",\"url\":\"https:\\\/\\\/ckcpr.fr\\\/\",\"name\":\"Cano\u00eb-Kayak Club de Pont-R\u00e9an\",\"description\":\"\",\"publisher\":{\"@id\":\"https:\\\/\\\/ckcpr.fr\\\/#organization\"},\"potentialAction\":[{\"@type\":\"SearchAction\",\"target\":{\"@type\":\"EntryPoint\",\"urlTemplate\":\"https:\\\/\\\/ckcpr.fr\\\/?s={search_term_string}\"},\"query-input\":{\"@type\":\"PropertyValueSpecification\",\"valueRequired\":true,\"valueName\":\"search_term_string\"}}],\"inLanguage\":\"fr-FR\"},{\"@type\":\"Organization\",\"@id\":\"https:\\\/\\\/ckcpr.fr\\\/#organization\",\"name\":\"Cano\u00eb-Kayak Club de Pont-R\u00e9an\",\"url\":\"https:\\\/\\\/ckcpr.fr\\\/\",\"logo\":{\"@type\":\"ImageObject\",\"inLanguage\":\"fr-FR\",\"@id\":\"https:\\\/\\\/ckcpr.fr\\\/#\\\/schema\\\/logo\\\/image\\\/\",\"url\":\"https:\\\/\\\/ckcpr.fr\\\/wp-content\\\/uploads\\\/2022\\\/03\\\/cropped-cropped-Logo_ckcpr_horizontal.jpg\",\"contentUrl\":\"https:\\\/\\\/ckcpr.fr\\\/wp-content\\\/uploads\\\/2022\\\/03\\\/cropped-cropped-Logo_ckcpr_horizontal.jpg\",\"width\":468,\"height\":156,\"caption\":\"Cano\u00eb-Kayak Club de Pont-R\u00e9an\"},\"image\":{\"@id\":\"https:\\\/\\\/ckcpr.fr\\\/#\\\/schema\\\/logo\\\/image\\\/\"}}]}<\/script>\n<!-- \/ Yoast SEO plugin. -->","yoast_head_json":{"title":"Activit\u00e9s encadr\u00e9es et horaires - Cano\u00eb-Kayak Club de Pont-R\u00e9an","description":"Cano\u00eb-Kayak Club de Pont-R\u00e9an - ACTIVIT\u00c9S ENCADR\u00c9ES : comp\u00e9tition, loisirs jeunes et adultes, activit\u00e9 physique adapt\u00e9e (APA).","robots":{"index":"index","follow":"follow","max-snippet":"max-snippet:-1","max-image-preview":"max-image-preview:large","max-video-preview":"max-video-preview:-1"},"canonical":"https:\/\/ckcpr.fr\/activites-encadrees-et-horaires\/","og_locale":"fr_FR","og_type":"article","og_title":"Activit\u00e9s encadr\u00e9es et horaires - Cano\u00eb-Kayak Club de Pont-R\u00e9an","og_description":"Cano\u00eb-Kayak Club de Pont-R\u00e9an - ACTIVIT\u00c9S ENCADR\u00c9ES : comp\u00e9tition, loisirs jeunes et adultes, activit\u00e9 physique adapt\u00e9e (APA).","og_url":"https:\/\/ckcpr.fr\/activites-encadrees-et-horaires\/","og_site_name":"Cano\u00eb-Kayak Club de Pont-R\u00e9an","article_modified_time":"2025-09-02T19:08:01+00:00","og_image":[{"width":512,"height":512,"url":"https:\/\/ckcpr.fr\/wp-content\/uploads\/2022\/01\/cropped-cropped-favicon_Plan-de-travail-1.jpg","type":"image\/jpeg"}],"twitter_misc":{"Dur\u00e9e de lecture estim\u00e9e":"3 minutes"},"schema":{"@context":"https:\/\/schema.org","@graph":[{"@type":"WebPage","@id":"https:\/\/ckcpr.fr\/activites-encadrees-et-horaires\/","url":"https:\/\/ckcpr.fr\/activites-encadrees-et-horaires\/","name":"Activit\u00e9s encadr\u00e9es et horaires - Cano\u00eb-Kayak Club de Pont-R\u00e9an","isPartOf":{"@id":"https:\/\/ckcpr.fr\/#website"},"primaryImageOfPage":{"@id":"https:\/\/ckcpr.fr\/activites-encadrees-et-horaires\/#primaryimage"},"image":{"@id":"https:\/\/ckcpr.fr\/activites-encadrees-et-horaires\/#primaryimage"},"thumbnailUrl":"https:\/\/ckcpr.fr\/wp-content\/uploads\/2022\/01\/cropped-cropped-favicon_Plan-de-travail-1.jpg","datePublished":"2022-03-09T07:45:13+00:00","dateModified":"2025-09-02T19:08:01+00:00","description":"Cano\u00eb-Kayak Club de Pont-R\u00e9an - ACTIVIT\u00c9S ENCADR\u00c9ES : comp\u00e9tition, loisirs jeunes et adultes, activit\u00e9 physique adapt\u00e9e (APA).","breadcrumb":{"@id":"https:\/\/ckcpr.fr\/activites-encadrees-et-horaires\/#breadcrumb"},"inLanguage":"fr-FR","potentialAction":[{"@type":"ReadAction","target":["https:\/\/ckcpr.fr\/activites-encadrees-et-horaires\/"]}]},{"@type":"ImageObject","inLanguage":"fr-FR","@id":"https:\/\/ckcpr.fr\/activites-encadrees-et-horaires\/#primaryimage","url":"https:\/\/ckcpr.fr\/wp-content\/uploads\/2022\/01\/cropped-cropped-favicon_Plan-de-travail-1.jpg","contentUrl":"https:\/\/ckcpr.fr\/wp-content\/uploads\/2022\/01\/cropped-cropped-favicon_Plan-de-travail-1.jpg","width":512,"height":512},{"@type":"BreadcrumbList","@id":"https:\/\/ckcpr.fr\/activites-encadrees-et-horaires\/#breadcrumb","itemListElement":[{"@type":"ListItem","position":1,"name":"Accueil","item":"https:\/\/ckcpr.fr\/"},{"@type":"ListItem","position":2,"name":"Activit\u00e9s encadr\u00e9es et horaires"}]},{"@type":"WebSite","@id":"https:\/\/ckcpr.fr\/#website","url":"https:\/\/ckcpr.fr\/","name":"Cano\u00eb-Kayak Club de Pont-R\u00e9an","description":"","publisher":{"@id":"https:\/\/ckcpr.fr\/#organization"},"potentialAction":[{"@type":"SearchAction","target":{"@type":"EntryPoint","urlTemplate":"https:\/\/ckcpr.fr\/?s={search_term_string}"},"query-input":{"@type":"PropertyValueSpecification","valueRequired":true,"valueName":"search_term_string"}}],"inLanguage":"fr-FR"},{"@type":"Organization","@id":"https:\/\/ckcpr.fr\/#organization","name":"Cano\u00eb-Kayak Club de Pont-R\u00e9an","url":"https:\/\/ckcpr.fr\/","logo":{"@type":"ImageObject","inLanguage":"fr-FR","@id":"https:\/\/ckcpr.fr\/#\/schema\/logo\/image\/","url":"https:\/\/ckcpr.fr\/wp-content\/uploads\/2022\/03\/cropped-cropped-Logo_ckcpr_horizontal.jpg","contentUrl":"https:\/\/ckcpr.fr\/wp-content\/uploads\/2022\/03\/cropped-cropped-Logo_ckcpr_horizontal.jpg","width":468,"height":156,"caption":"Cano\u00eb-Kayak Club de Pont-R\u00e9an"},"image":{"@id":"https:\/\/ckcpr.fr\/#\/schema\/logo\/image\/"}}]}},"_links":{"self":[{"href":"https:\/\/ckcpr.fr\/index.php\/wp-json\/wp\/v2\/pages\/8670","targetHints":{"allow":["GET"]}}],"collection":[{"href":"https:\/\/ckcpr.fr\/index.php\/wp-json\/wp\/v2\/pages"}],"about":[{"href":"https:\/\/ckcpr.fr\/index.php\/wp-json\/wp\/v2\/types\/page"}],"author":[{"embeddable":true,"href":"https:\/\/ckcpr.fr\/index.php\/wp-json\/wp\/v2\/users\/11"}],"replies":[{"embeddable":true,"href":"https:\/\/ckcpr.fr\/index.php\/wp-json\/wp\/v2\/comments?post=8670"}],"version-history":[{"count":128,"href":"https:\/\/ckcpr.fr\/index.php\/wp-json\/wp\/v2\/pages\/8670\/revisions"}],"predecessor-version":[{"id":14911,"href":"https:\/\/ckcpr.fr\/index.php\/wp-json\/wp\/v2\/pages\/8670\/revisions\/14911"}],"wp:featuredmedia":[{"embeddable":true,"href":"https:\/\/ckcpr.fr\/index.php\/wp-json\/wp\/v2\/media\/2981"}],"wp:attachment":[{"href":"https:\/\/ckcpr.fr\/index.php\/wp-json\/wp\/v2\/media?parent=8670"}],"curies":[{"name":"wp","href":"https:\/\/api.w.org\/{rel}","templated":true}]}}