{"id":8948,"date":"2022-03-13T18:29:03","date_gmt":"2022-03-13T17:29:03","guid":{"rendered":"https:\/\/ckcpr.fr\/?page_id=8948"},"modified":"2025-11-15T12:16:20","modified_gmt":"2025-11-15T11:16:20","slug":"nos-salaries","status":"publish","type":"page","link":"https:\/\/ckcpr.fr\/nos-salaries\/","title":{"rendered":"Nos salari\u00e9s"},"content":{"rendered":"\t\t<div data-elementor-type=\"wp-page\" data-elementor-id=\"8948\" class=\"elementor elementor-8948\">\n\t\t\t\t\t\t<section class=\"elementor-section elementor-top-section elementor-element elementor-element-8fc6ca0 elementor-section-boxed elementor-section-height-default elementor-section-height-default\" data-id=\"8fc6ca0\" data-element_type=\"section\" data-e-type=\"section\">\n\t\t\t\t\t\t<div class=\"elementor-container elementor-column-gap-default\">\n\t\t\t\t\t<div class=\"elementor-column elementor-col-100 elementor-top-column elementor-element elementor-element-9ba8708\" data-id=\"9ba8708\" data-element_type=\"column\" data-e-type=\"column\">\n\t\t\t<div class=\"elementor-widget-wrap elementor-element-populated\">\n\t\t\t\t\t\t<div class=\"elementor-element elementor-element-72df4d7 elementor-widget elementor-widget-spacer\" data-id=\"72df4d7\" data-element_type=\"widget\" data-e-type=\"widget\" data-widget_type=\"spacer.default\">\n\t\t\t\t<div class=\"elementor-widget-container\">\n\t\t\t\t\t\t\t<div class=\"elementor-spacer\">\n\t\t\t<div class=\"elementor-spacer-inner\"><\/div>\n\t\t<\/div>\n\t\t\t\t\t\t<\/div>\n\t\t\t\t<\/div>\n\t\t\t\t\t<\/div>\n\t\t<\/div>\n\t\t\t\t\t<\/div>\n\t\t<\/section>\n\t\t\t\t<section class=\"elementor-section elementor-top-section elementor-element elementor-element-7ad3bf3 elementor-section-boxed elementor-section-height-default elementor-section-height-default\" data-id=\"7ad3bf3\" data-element_type=\"section\" data-e-type=\"section\">\n\t\t\t\t\t\t<div class=\"elementor-container elementor-column-gap-default\">\n\t\t\t\t\t<div class=\"elementor-column elementor-col-100 elementor-top-column elementor-element elementor-element-330ef2e\" data-id=\"330ef2e\" data-element_type=\"column\" data-e-type=\"column\">\n\t\t\t<div class=\"elementor-widget-wrap elementor-element-populated\">\n\t\t\t\t\t\t<div class=\"elementor-element elementor-element-f22b28c elementor-widget elementor-widget-heading\" data-id=\"f22b28c\" data-element_type=\"widget\" data-e-type=\"widget\" data-widget_type=\"heading.default\">\n\t\t\t\t<div class=\"elementor-widget-container\">\n\t\t\t\t\t<h2 class=\"elementor-heading-title elementor-size-default\">Nos salari\u00e9s<\/h2>\t\t\t\t<\/div>\n\t\t\t\t<\/div>\n\t\t\t\t\t<\/div>\n\t\t<\/div>\n\t\t\t\t\t<\/div>\n\t\t<\/section>\n\t\t\t\t<section class=\"elementor-section elementor-inner-section elementor-element elementor-element-1babe993 elementor-hidden-desktop elementor-hidden-tablet elementor-hidden-phone elementor-section-boxed elementor-section-height-default elementor-section-height-default\" data-id=\"1babe993\" data-element_type=\"section\" data-e-type=\"section\">\n\t\t\t\t\t\t<div class=\"elementor-container elementor-column-gap-default\">\n\t\t\t\t\t<div class=\"elementor-column elementor-col-100 elementor-inner-column elementor-element elementor-element-3a41e7ef\" data-id=\"3a41e7ef\" data-element_type=\"column\" data-e-type=\"column\">\n\t\t\t<div class=\"elementor-widget-wrap\">\n\t\t\t\t\t\t\t<\/div>\n\t\t<\/div>\n\t\t\t\t\t<\/div>\n\t\t<\/section>\n\t\t\t\t<section class=\"elementor-section elementor-top-section elementor-element elementor-element-1598a92b elementor-hidden-desktop elementor-hidden-tablet elementor-hidden-phone elementor-section-boxed elementor-section-height-default elementor-section-height-default\" data-id=\"1598a92b\" data-element_type=\"section\" data-e-type=\"section\">\n\t\t\t\t\t\t<div class=\"elementor-container elementor-column-gap-default\">\n\t\t\t\t\t<div class=\"elementor-column elementor-col-100 elementor-top-column elementor-element elementor-element-7210b29a\" data-id=\"7210b29a\" data-element_type=\"column\" data-e-type=\"column\">\n\t\t\t<div class=\"elementor-widget-wrap elementor-element-populated\">\n\t\t\t\t\t\t<div class=\"elementor-element elementor-element-3a30ff27 elementor-widget elementor-widget-spacer\" data-id=\"3a30ff27\" data-element_type=\"widget\" data-e-type=\"widget\" data-widget_type=\"spacer.default\">\n\t\t\t\t<div class=\"elementor-widget-container\">\n\t\t\t\t\t\t\t<div class=\"elementor-spacer\">\n\t\t\t<div class=\"elementor-spacer-inner\"><\/div>\n\t\t<\/div>\n\t\t\t\t\t\t<\/div>\n\t\t\t\t<\/div>\n\t\t\t\t\t<\/div>\n\t\t<\/div>\n\t\t\t\t\t<\/div>\n\t\t<\/section>\n\t\t\t\t<section class=\"elementor-section elementor-top-section elementor-element elementor-element-62a71e6 elementor-section-boxed elementor-section-height-default elementor-section-height-default\" data-id=\"62a71e6\" data-element_type=\"section\" data-e-type=\"section\">\n\t\t\t\t\t\t<div class=\"elementor-container elementor-column-gap-default\">\n\t\t\t\t\t<div class=\"elementor-column elementor-col-100 elementor-top-column elementor-element elementor-element-9a4b0a7\" data-id=\"9a4b0a7\" data-element_type=\"column\" data-e-type=\"column\">\n\t\t\t<div class=\"elementor-widget-wrap elementor-element-populated\">\n\t\t\t\t\t\t<div class=\"elementor-element elementor-element-5911fea elementor-widget elementor-widget-text-editor\" data-id=\"5911fea\" data-element_type=\"widget\" data-e-type=\"widget\" data-widget_type=\"text-editor.default\">\n\t\t\t\t<div class=\"elementor-widget-container\">\n\t\t\t\t\t\t\t\t\t<p><strong><u><img decoding=\"async\" src=\"https:\/\/ckcpr.fr\/wp-content\/uploads\/2023\/04\/PHOTO-MICK-203x300.jpg\" alt=\"\" width=\"158\" height=\"234\" \/><\/u><\/strong><\/p><p><strong><u>Micka\u00ebl<\/u> :<u><br \/><\/u><\/strong>Educateur sportif \u00e0 temps complet, il est titulaire du <strong>DEJEPS Sp\u00e9cialit\u00e9 Perfectionnement Sportif<\/strong>.<br \/><strong><em>Vice-Champion de France<\/em><\/strong>, Micka\u00ebl entra\u00eene les comp\u00e9titeurs du club en cano\u00eb\/kayak de descente de rivi\u00e8re et permet au club d\u2019\u00e9voluer en National 1 depuis de nombreuses ann\u00e9es.<br \/>Micka\u00ebl est \u00e9galement \u00e9ducateur sport-sant\u00e9.<br \/>Il encadre nos adh\u00e9rents des groupes d\u00e9butants, \u00e0 comp\u00e9titeurs et sport-sant\u00e9.<br \/><strong><em>Sa devise\u00a0: \u00ab\u00a0toujours avec le sourire, m\u00eame en rivi\u00e8re classe 5, \u00e7a passe\u00a0!\u00a0\u00bb<\/em><\/strong><\/p><p><strong><em>\u00a0<\/em><\/strong><\/p><p><strong><u><img decoding=\"async\" src=\"https:\/\/ckcpr.fr\/wp-content\/uploads\/2023\/04\/PHOTO-MAXENCE-184x300.jpg\" alt=\"\" width=\"158\" height=\"257\" \/><\/u><\/strong><\/p><p><strong><u>Maxence<\/u> :<u><br \/><\/u><\/strong>Educateur sportif \u00e0 temps complet, il est titulaire d\u2019un <strong>BPJEPS cano\u00eb-kayak<\/strong> et disciplines associ\u00e9es avec les qualifications compl\u00e9mentaires \u00abMer \u00bb et \u00ab Activit\u00e9s physiques adapt\u00e9es et maladies chroniques \u00bb.<br \/><strong><em>Champion de Bretagne<\/em><\/strong>, Maxence pratique la descente, le slalom, la rivi\u00e8re sportive. Il reste tout de m\u00eame sp\u00e9cialiste de la descente de rivi\u00e8re et participe au championnat de France depuis de nombreuses ann\u00e9es.<br \/>Maxence encadre nos adh\u00e9rents des groupes d\u00e9butants, \u00e0 comp\u00e9titeurs et sport-sant\u00e9.<\/p><p><strong><em>Sa devise\u00a0: \u00ab\u00a0dans le rappel\u2026tu m\u2019appelles\u00a0!\u00a0\u00bb<\/em><\/strong><\/p><p><strong><em>\u00a0<\/em><\/strong><\/p><p><img decoding=\"async\" class=\"alignnone size-medium wp-image-14511\" src=\"https:\/\/ckcpr.fr\/wp-content\/uploads\/2025\/02\/bloc_logos_FEADER_leader_RB_page-0001-300x141.jpg\" alt=\"\" width=\"300\" height=\"141\" srcset=\"https:\/\/ckcpr.fr\/wp-content\/uploads\/2025\/02\/bloc_logos_FEADER_leader_RB_page-0001-300x141.jpg 300w, https:\/\/ckcpr.fr\/wp-content\/uploads\/2025\/02\/bloc_logos_FEADER_leader_RB_page-0001.jpg 414w\" sizes=\"(max-width: 300px) 100vw, 300px\" \/><\/p><p><em>la cr\u00e9ation du poste de directeur a \u00e9t\u00e9 permise<br \/><\/em><em> gra\u00e7e\u00a0 \u00e0 un cofinancement de l&rsquo;union europ\u00e9enne<br \/>(fonds FEADER)<\/em><strong><em><br \/><\/em><\/strong><\/p><p><strong>\u00a0<\/strong><\/p><p><strong>LES CADRES BENEVOLES<\/strong><\/p><p><strong><u>Elodie<\/u><\/strong> :<br \/>Titulaire d\u2019un <strong>BPJEPS cano\u00eb-kayak<\/strong>\u00a0<\/p><p><strong><u>Sylvain et Romaric<\/u><\/strong> : Moniteurs F\u00e9d\u00e9raux, Pagaies rouges.<\/p><p><span style=\"font-weight: bold;\"><u>\u00a0Franck et Maxime<\/u><\/span>\u00a0:\u00a0<span style=\"color: var(--ast-global-color-3); font-size: 1rem; background-color: var(--ast-global-color-4);\">Titulaire <strong>AMFPC<\/strong> (Aspirants Moniteur F\u00e9d\u00e9ral Pagaies Couleurs).<\/span><\/p><p><strong><u>Cl\u00e9ment, Marius, St\u00e9phane et R\u00e9gis<\/u><\/strong>\u00a0: Moniteurs F\u00e9d\u00e9raux.<\/p>\t\t\t\t\t\t\t\t<\/div>\n\t\t\t\t<\/div>\n\t\t\t\t\t<\/div>\n\t\t<\/div>\n\t\t\t\t\t<\/div>\n\t\t<\/section>\n\t\t\t\t<\/div>\n\t\t","protected":false},"excerpt":{"rendered":"<p>Nos salari\u00e9s Micka\u00ebl :Educateur sportif \u00e0 temps complet, il est titulaire du DEJEPS Sp\u00e9cialit\u00e9 Perfectionnement Sportif.Vice-Champion de France, Micka\u00ebl entra\u00eene les comp\u00e9titeurs du club en cano\u00eb\/kayak de descente de rivi\u00e8re et permet au club d\u2019\u00e9voluer en National 1 depuis de nombreuses ann\u00e9es.Micka\u00ebl est \u00e9galement \u00e9ducateur sport-sant\u00e9.Il encadre nos adh\u00e9rents des groupes d\u00e9butants, \u00e0 comp\u00e9titeurs et [&hellip;]<\/p>\n","protected":false},"author":11,"featured_media":0,"parent":0,"menu_order":0,"comment_status":"closed","ping_status":"closed","template":"","meta":{"site-sidebar-layout":"no-sidebar","site-content-layout":"page-builder","ast-site-content-layout":"default","site-content-style":"default","site-sidebar-style":"default","ast-global-header-display":"","ast-banner-title-visibility":"","ast-main-header-display":"","ast-hfb-above-header-display":"","ast-hfb-below-header-display":"","ast-hfb-mobile-header-display":"","site-post-title":"disabled","ast-breadcrumbs-content":"","ast-featured-img":"disabled","footer-sml-layout":"","ast-disable-related-posts":"","theme-transparent-header-meta":"","adv-header-id-meta":"","stick-header-meta":"","header-above-stick-meta":"","header-main-stick-meta":"","header-below-stick-meta":"","astra-migrate-meta-layouts":"default","ast-page-background-enabled":"default","ast-page-background-meta":{"desktop":{"background-color":"","background-image":"","background-repeat":"repeat","background-position":"center center","background-size":"auto","background-attachment":"scroll","background-type":"","background-media":"","overlay-type":"","overlay-color":"","overlay-opacity":"","overlay-gradient":""},"tablet":{"background-color":"","background-image":"","background-repeat":"repeat","background-position":"center center","background-size":"auto","background-attachment":"scroll","background-type":"","background-media":"","overlay-type":"","overlay-color":"","overlay-opacity":"","overlay-gradient":""},"mobile":{"background-color":"","background-image":"","background-repeat":"repeat","background-position":"center center","background-size":"auto","background-attachment":"scroll","background-type":"","background-media":"","overlay-type":"","overlay-color":"","overlay-opacity":"","overlay-gradient":""}},"ast-content-background-meta":{"desktop":{"background-color":"var(--ast-global-color-5)","background-image":"","background-repeat":"repeat","background-position":"center center","background-size":"auto","background-attachment":"scroll","background-type":"","background-media":"","overlay-type":"","overlay-color":"","overlay-opacity":"","overlay-gradient":""},"tablet":{"background-color":"var(--ast-global-color-5)","background-image":"","background-repeat":"repeat","background-position":"center center","background-size":"auto","background-attachment":"scroll","background-type":"","background-media":"","overlay-type":"","overlay-color":"","overlay-opacity":"","overlay-gradient":""},"mobile":{"background-color":"var(--ast-global-color-5)","background-image":"","background-repeat":"repeat","background-position":"center center","background-size":"auto","background-attachment":"scroll","background-type":"","background-media":"","overlay-type":"","overlay-color":"","overlay-opacity":"","overlay-gradient":""}},"footnotes":""},"class_list":["post-8948","page","type-page","status-publish","hentry"],"yoast_head":"<!-- This site is optimized with the Yoast SEO plugin v27.5 - https:\/\/yoast.com\/product\/yoast-seo-wordpress\/ -->\n<title>Nos salari\u00e9s - Cano\u00eb-Kayak Club de Pont-R\u00e9an<\/title>\n<meta name=\"robots\" content=\"index, follow, max-snippet:-1, max-image-preview:large, max-video-preview:-1\" \/>\n<link rel=\"canonical\" href=\"https:\/\/ckcpr.fr\/nos-salaries\/\" \/>\n<meta property=\"og:locale\" content=\"fr_FR\" \/>\n<meta property=\"og:type\" content=\"article\" \/>\n<meta property=\"og:title\" content=\"Nos salari\u00e9s - Cano\u00eb-Kayak Club de Pont-R\u00e9an\" \/>\n<meta property=\"og:description\" content=\"Nos salari\u00e9s Micka\u00ebl :Educateur sportif \u00e0 temps complet, il est titulaire du DEJEPS Sp\u00e9cialit\u00e9 Perfectionnement Sportif.Vice-Champion de France, Micka\u00ebl entra\u00eene les comp\u00e9titeurs du club en cano\u00eb\/kayak de descente de rivi\u00e8re et permet au club d\u2019\u00e9voluer en National 1 depuis de nombreuses ann\u00e9es.Micka\u00ebl est \u00e9galement \u00e9ducateur sport-sant\u00e9.Il encadre nos adh\u00e9rents des groupes d\u00e9butants, \u00e0 comp\u00e9titeurs et [&hellip;]\" \/>\n<meta property=\"og:url\" content=\"https:\/\/ckcpr.fr\/nos-salaries\/\" \/>\n<meta property=\"og:site_name\" content=\"Cano\u00eb-Kayak Club de Pont-R\u00e9an\" \/>\n<meta property=\"article:modified_time\" content=\"2025-11-15T11:16:20+00:00\" \/>\n<meta property=\"og:image\" content=\"https:\/\/ckcpr.fr\/wp-content\/uploads\/2023\/04\/PHOTO-MICK-203x300.jpg\" \/>\n<script type=\"application\/ld+json\" class=\"yoast-schema-graph\">{\"@context\":\"https:\\\/\\\/schema.org\",\"@graph\":[{\"@type\":\"WebPage\",\"@id\":\"https:\\\/\\\/ckcpr.fr\\\/nos-salaries\\\/\",\"url\":\"https:\\\/\\\/ckcpr.fr\\\/nos-salaries\\\/\",\"name\":\"Nos salari\u00e9s - Cano\u00eb-Kayak Club de Pont-R\u00e9an\",\"isPartOf\":{\"@id\":\"https:\\\/\\\/ckcpr.fr\\\/#website\"},\"primaryImageOfPage\":{\"@id\":\"https:\\\/\\\/ckcpr.fr\\\/nos-salaries\\\/#primaryimage\"},\"image\":{\"@id\":\"https:\\\/\\\/ckcpr.fr\\\/nos-salaries\\\/#primaryimage\"},\"thumbnailUrl\":\"https:\\\/\\\/ckcpr.fr\\\/wp-content\\\/uploads\\\/2023\\\/04\\\/PHOTO-MICK-203x300.jpg\",\"datePublished\":\"2022-03-13T17:29:03+00:00\",\"dateModified\":\"2025-11-15T11:16:20+00:00\",\"breadcrumb\":{\"@id\":\"https:\\\/\\\/ckcpr.fr\\\/nos-salaries\\\/#breadcrumb\"},\"inLanguage\":\"fr-FR\",\"potentialAction\":[{\"@type\":\"ReadAction\",\"target\":[\"https:\\\/\\\/ckcpr.fr\\\/nos-salaries\\\/\"]}]},{\"@type\":\"ImageObject\",\"inLanguage\":\"fr-FR\",\"@id\":\"https:\\\/\\\/ckcpr.fr\\\/nos-salaries\\\/#primaryimage\",\"url\":\"https:\\\/\\\/ckcpr.fr\\\/wp-content\\\/uploads\\\/2023\\\/04\\\/PHOTO-MICK.jpg\",\"contentUrl\":\"https:\\\/\\\/ckcpr.fr\\\/wp-content\\\/uploads\\\/2023\\\/04\\\/PHOTO-MICK.jpg\",\"width\":901,\"height\":1333},{\"@type\":\"BreadcrumbList\",\"@id\":\"https:\\\/\\\/ckcpr.fr\\\/nos-salaries\\\/#breadcrumb\",\"itemListElement\":[{\"@type\":\"ListItem\",\"position\":1,\"name\":\"Accueil\",\"item\":\"https:\\\/\\\/ckcpr.fr\\\/\"},{\"@type\":\"ListItem\",\"position\":2,\"name\":\"Nos salari\u00e9s\"}]},{\"@type\":\"WebSite\",\"@id\":\"https:\\\/\\\/ckcpr.fr\\\/#website\",\"url\":\"https:\\\/\\\/ckcpr.fr\\\/\",\"name\":\"Cano\u00eb-Kayak Club de Pont-R\u00e9an\",\"description\":\"\",\"publisher\":{\"@id\":\"https:\\\/\\\/ckcpr.fr\\\/#organization\"},\"potentialAction\":[{\"@type\":\"SearchAction\",\"target\":{\"@type\":\"EntryPoint\",\"urlTemplate\":\"https:\\\/\\\/ckcpr.fr\\\/?s={search_term_string}\"},\"query-input\":{\"@type\":\"PropertyValueSpecification\",\"valueRequired\":true,\"valueName\":\"search_term_string\"}}],\"inLanguage\":\"fr-FR\"},{\"@type\":\"Organization\",\"@id\":\"https:\\\/\\\/ckcpr.fr\\\/#organization\",\"name\":\"Cano\u00eb-Kayak Club de Pont-R\u00e9an\",\"url\":\"https:\\\/\\\/ckcpr.fr\\\/\",\"logo\":{\"@type\":\"ImageObject\",\"inLanguage\":\"fr-FR\",\"@id\":\"https:\\\/\\\/ckcpr.fr\\\/#\\\/schema\\\/logo\\\/image\\\/\",\"url\":\"https:\\\/\\\/ckcpr.fr\\\/wp-content\\\/uploads\\\/2022\\\/03\\\/cropped-cropped-Logo_ckcpr_horizontal.jpg\",\"contentUrl\":\"https:\\\/\\\/ckcpr.fr\\\/wp-content\\\/uploads\\\/2022\\\/03\\\/cropped-cropped-Logo_ckcpr_horizontal.jpg\",\"width\":468,\"height\":156,\"caption\":\"Cano\u00eb-Kayak Club de Pont-R\u00e9an\"},\"image\":{\"@id\":\"https:\\\/\\\/ckcpr.fr\\\/#\\\/schema\\\/logo\\\/image\\\/\"}}]}<\/script>\n<!-- \/ Yoast SEO plugin. -->","yoast_head_json":{"title":"Nos salari\u00e9s - Cano\u00eb-Kayak Club de Pont-R\u00e9an","robots":{"index":"index","follow":"follow","max-snippet":"max-snippet:-1","max-image-preview":"max-image-preview:large","max-video-preview":"max-video-preview:-1"},"canonical":"https:\/\/ckcpr.fr\/nos-salaries\/","og_locale":"fr_FR","og_type":"article","og_title":"Nos salari\u00e9s - Cano\u00eb-Kayak Club de Pont-R\u00e9an","og_description":"Nos salari\u00e9s Micka\u00ebl :Educateur sportif \u00e0 temps complet, il est titulaire du DEJEPS Sp\u00e9cialit\u00e9 Perfectionnement Sportif.Vice-Champion de France, Micka\u00ebl entra\u00eene les comp\u00e9titeurs du club en cano\u00eb\/kayak de descente de rivi\u00e8re et permet au club d\u2019\u00e9voluer en National 1 depuis de nombreuses ann\u00e9es.Micka\u00ebl est \u00e9galement \u00e9ducateur sport-sant\u00e9.Il encadre nos adh\u00e9rents des groupes d\u00e9butants, \u00e0 comp\u00e9titeurs et [&hellip;]","og_url":"https:\/\/ckcpr.fr\/nos-salaries\/","og_site_name":"Cano\u00eb-Kayak Club de Pont-R\u00e9an","article_modified_time":"2025-11-15T11:16:20+00:00","og_image":[{"url":"https:\/\/ckcpr.fr\/wp-content\/uploads\/2023\/04\/PHOTO-MICK-203x300.jpg","type":"","width":"","height":""}],"schema":{"@context":"https:\/\/schema.org","@graph":[{"@type":"WebPage","@id":"https:\/\/ckcpr.fr\/nos-salaries\/","url":"https:\/\/ckcpr.fr\/nos-salaries\/","name":"Nos salari\u00e9s - Cano\u00eb-Kayak Club de Pont-R\u00e9an","isPartOf":{"@id":"https:\/\/ckcpr.fr\/#website"},"primaryImageOfPage":{"@id":"https:\/\/ckcpr.fr\/nos-salaries\/#primaryimage"},"image":{"@id":"https:\/\/ckcpr.fr\/nos-salaries\/#primaryimage"},"thumbnailUrl":"https:\/\/ckcpr.fr\/wp-content\/uploads\/2023\/04\/PHOTO-MICK-203x300.jpg","datePublished":"2022-03-13T17:29:03+00:00","dateModified":"2025-11-15T11:16:20+00:00","breadcrumb":{"@id":"https:\/\/ckcpr.fr\/nos-salaries\/#breadcrumb"},"inLanguage":"fr-FR","potentialAction":[{"@type":"ReadAction","target":["https:\/\/ckcpr.fr\/nos-salaries\/"]}]},{"@type":"ImageObject","inLanguage":"fr-FR","@id":"https:\/\/ckcpr.fr\/nos-salaries\/#primaryimage","url":"https:\/\/ckcpr.fr\/wp-content\/uploads\/2023\/04\/PHOTO-MICK.jpg","contentUrl":"https:\/\/ckcpr.fr\/wp-content\/uploads\/2023\/04\/PHOTO-MICK.jpg","width":901,"height":1333},{"@type":"BreadcrumbList","@id":"https:\/\/ckcpr.fr\/nos-salaries\/#breadcrumb","itemListElement":[{"@type":"ListItem","position":1,"name":"Accueil","item":"https:\/\/ckcpr.fr\/"},{"@type":"ListItem","position":2,"name":"Nos salari\u00e9s"}]},{"@type":"WebSite","@id":"https:\/\/ckcpr.fr\/#website","url":"https:\/\/ckcpr.fr\/","name":"Cano\u00eb-Kayak Club de Pont-R\u00e9an","description":"","publisher":{"@id":"https:\/\/ckcpr.fr\/#organization"},"potentialAction":[{"@type":"SearchAction","target":{"@type":"EntryPoint","urlTemplate":"https:\/\/ckcpr.fr\/?s={search_term_string}"},"query-input":{"@type":"PropertyValueSpecification","valueRequired":true,"valueName":"search_term_string"}}],"inLanguage":"fr-FR"},{"@type":"Organization","@id":"https:\/\/ckcpr.fr\/#organization","name":"Cano\u00eb-Kayak Club de Pont-R\u00e9an","url":"https:\/\/ckcpr.fr\/","logo":{"@type":"ImageObject","inLanguage":"fr-FR","@id":"https:\/\/ckcpr.fr\/#\/schema\/logo\/image\/","url":"https:\/\/ckcpr.fr\/wp-content\/uploads\/2022\/03\/cropped-cropped-Logo_ckcpr_horizontal.jpg","contentUrl":"https:\/\/ckcpr.fr\/wp-content\/uploads\/2022\/03\/cropped-cropped-Logo_ckcpr_horizontal.jpg","width":468,"height":156,"caption":"Cano\u00eb-Kayak Club de Pont-R\u00e9an"},"image":{"@id":"https:\/\/ckcpr.fr\/#\/schema\/logo\/image\/"}}]}},"_links":{"self":[{"href":"https:\/\/ckcpr.fr\/index.php\/wp-json\/wp\/v2\/pages\/8948","targetHints":{"allow":["GET"]}}],"collection":[{"href":"https:\/\/ckcpr.fr\/index.php\/wp-json\/wp\/v2\/pages"}],"about":[{"href":"https:\/\/ckcpr.fr\/index.php\/wp-json\/wp\/v2\/types\/page"}],"author":[{"embeddable":true,"href":"https:\/\/ckcpr.fr\/index.php\/wp-json\/wp\/v2\/users\/11"}],"replies":[{"embeddable":true,"href":"https:\/\/ckcpr.fr\/index.php\/wp-json\/wp\/v2\/comments?post=8948"}],"version-history":[{"count":42,"href":"https:\/\/ckcpr.fr\/index.php\/wp-json\/wp\/v2\/pages\/8948\/revisions"}],"predecessor-version":[{"id":14925,"href":"https:\/\/ckcpr.fr\/index.php\/wp-json\/wp\/v2\/pages\/8948\/revisions\/14925"}],"wp:attachment":[{"href":"https:\/\/ckcpr.fr\/index.php\/wp-json\/wp\/v2\/media?parent=8948"}],"curies":[{"name":"wp","href":"https:\/\/api.w.org\/{rel}","templated":true}]}}