{"id":9004,"date":"2022-03-13T19:14:20","date_gmt":"2022-03-13T18:14:20","guid":{"rendered":"https:\/\/ckcpr.fr\/?page_id=9004"},"modified":"2025-07-12T22:31:49","modified_gmt":"2025-07-12T20:31:49","slug":"location-bourg-des-comptes","status":"publish","type":"page","link":"https:\/\/ckcpr.fr\/location-bourg-des-comptes\/","title":{"rendered":"Locations \u00e0 Bourg-des-Comptes"},"content":{"rendered":"\t\t<div data-elementor-type=\"wp-page\" data-elementor-id=\"9004\" class=\"elementor elementor-9004\">\n\t\t\t\t\t\t<section class=\"elementor-section elementor-top-section elementor-element elementor-element-12c325e elementor-section-boxed elementor-section-height-default elementor-section-height-default\" data-id=\"12c325e\" data-element_type=\"section\" data-e-type=\"section\">\n\t\t\t\t\t\t<div class=\"elementor-container elementor-column-gap-default\">\n\t\t\t\t\t<div class=\"elementor-column elementor-col-100 elementor-top-column elementor-element elementor-element-649147b\" data-id=\"649147b\" data-element_type=\"column\" data-e-type=\"column\">\n\t\t\t<div class=\"elementor-widget-wrap elementor-element-populated\">\n\t\t\t\t\t\t<div class=\"elementor-element elementor-element-914688b elementor-widget elementor-widget-heading\" data-id=\"914688b\" data-element_type=\"widget\" data-e-type=\"widget\" data-widget_type=\"heading.default\">\n\t\t\t\t<div class=\"elementor-widget-container\">\n\t\t\t\t\t<h2 class=\"elementor-heading-title elementor-size-default\">Locations saisonni\u00e8res \u00e0 Bourg-des-Comptes<\/h2>\t\t\t\t<\/div>\n\t\t\t\t<\/div>\n\t\t\t\t<section class=\"elementor-section elementor-inner-section elementor-element elementor-element-a177479 elementor-section-boxed elementor-section-height-default elementor-section-height-default\" data-id=\"a177479\" data-element_type=\"section\" data-e-type=\"section\">\n\t\t\t\t\t\t<div class=\"elementor-container elementor-column-gap-default\">\n\t\t\t\t\t<div class=\"elementor-column elementor-col-50 elementor-inner-column elementor-element elementor-element-edfc203\" data-id=\"edfc203\" data-element_type=\"column\" data-e-type=\"column\">\n\t\t\t<div class=\"elementor-widget-wrap elementor-element-populated\">\n\t\t\t\t\t\t<div class=\"elementor-element elementor-element-eceae72 elementor-widget elementor-widget-text-editor\" data-id=\"eceae72\" data-element_type=\"widget\" data-e-type=\"widget\" data-widget_type=\"text-editor.default\">\n\t\t\t\t<div class=\"elementor-widget-container\">\n\t\t\t\t\t\t\t\t\t<p>En ao\u00fbt, en plus du <a href=\"https:\/\/ckcpr.fr\/location-a-pont-rean\">site de Pont-R\u00e9an<\/a>, le CKCPR vous propose de venir naviguer en kayak, en paddle ou en cano\u00eb sur le site de la Courbe \u00e0 Bourg-des-Comptes.<\/p><p>Le point de location se situe au niveau du petit chalet place de la Courbe \u00e0 Bourg-des-Comptes (en contre-bas du restaurant La Courbe). Les coordonn\u00e9es GPS sont les suivantes: 47.92725 , -1.7501.<\/p>\t\t\t\t\t\t\t\t<\/div>\n\t\t\t\t<\/div>\n\t\t\t\t<div class=\"elementor-element elementor-element-249de46 elementor-align-left elementor-widget elementor-widget-button\" data-id=\"249de46\" data-element_type=\"widget\" data-e-type=\"widget\" data-widget_type=\"button.default\">\n\t\t\t\t<div class=\"elementor-widget-container\">\n\t\t\t\t\t\t\t\t\t<div class=\"elementor-button-wrapper\">\n\t\t\t\t\t<a class=\"elementor-button elementor-button-link elementor-size-lg\" href=\"https:\/\/locationcanoekayakbourgdescomptes.ellohaweb.com\/\">\n\t\t\t\t\t\t<span class=\"elementor-button-content-wrapper\">\n\t\t\t\t\t\t<span class=\"elementor-button-icon\">\n\t\t\t\t<i aria-hidden=\"true\" class=\"far fa-arrow-alt-circle-right\"><\/i>\t\t\t<\/span>\n\t\t\t\t\t\t\t\t\t<span class=\"elementor-button-text\">R\u00e9server<\/span>\n\t\t\t\t\t<\/span>\n\t\t\t\t\t<\/a>\n\t\t\t\t<\/div>\n\t\t\t\t\t\t\t\t<\/div>\n\t\t\t\t<\/div>\n\t\t\t\t\t<\/div>\n\t\t<\/div>\n\t\t\t\t<div class=\"elementor-column elementor-col-50 elementor-inner-column elementor-element elementor-element-d464585\" data-id=\"d464585\" data-element_type=\"column\" data-e-type=\"column\">\n\t\t\t<div class=\"elementor-widget-wrap elementor-element-populated\">\n\t\t\t\t\t\t<div class=\"elementor-element elementor-element-adc3d3b elementor-widget elementor-widget-image\" data-id=\"adc3d3b\" data-element_type=\"widget\" data-e-type=\"widget\" data-widget_type=\"image.default\">\n\t\t\t\t<div class=\"elementor-widget-container\">\n\t\t\t\t\t\t\t\t\t\t\t\t\t\t\t<img fetchpriority=\"high\" decoding=\"async\" width=\"768\" height=\"512\" src=\"https:\/\/ckcpr.fr\/wp-content\/uploads\/2024\/03\/DSC_5745-768x512.jpg\" class=\"attachment-medium_large size-medium_large wp-image-13677\" alt=\"Cano\u00ebs sur le plan d&#039;eau en second plan fleurs jaunes en 1er plan...\" srcset=\"https:\/\/ckcpr.fr\/wp-content\/uploads\/2024\/03\/DSC_5745-768x512.jpg 768w, https:\/\/ckcpr.fr\/wp-content\/uploads\/2024\/03\/DSC_5745-300x200.jpg 300w, https:\/\/ckcpr.fr\/wp-content\/uploads\/2024\/03\/DSC_5745-1024x683.jpg 1024w, https:\/\/ckcpr.fr\/wp-content\/uploads\/2024\/03\/DSC_5745-1536x1024.jpg 1536w, https:\/\/ckcpr.fr\/wp-content\/uploads\/2024\/03\/DSC_5745-2048x1365.jpg 2048w, https:\/\/ckcpr.fr\/wp-content\/uploads\/2024\/03\/DSC_5745-600x400.jpg 600w\" sizes=\"(max-width: 768px) 100vw, 768px\" \/>\t\t\t\t\t\t\t\t\t\t\t\t\t\t\t<\/div>\n\t\t\t\t<\/div>\n\t\t\t\t\t<\/div>\n\t\t<\/div>\n\t\t\t\t\t<\/div>\n\t\t<\/section>\n\t\t\t\t\t<\/div>\n\t\t<\/div>\n\t\t\t\t\t<\/div>\n\t\t<\/section>\n\t\t\t\t<section class=\"elementor-section elementor-top-section elementor-element elementor-element-a9abd41 elementor-section-boxed elementor-section-height-default elementor-section-height-default\" data-id=\"a9abd41\" data-element_type=\"section\" data-e-type=\"section\">\n\t\t\t\t\t\t<div class=\"elementor-container elementor-column-gap-default\">\n\t\t\t\t\t<div class=\"elementor-column elementor-col-100 elementor-top-column elementor-element elementor-element-01a579c\" data-id=\"01a579c\" data-element_type=\"column\" data-e-type=\"column\">\n\t\t\t<div class=\"elementor-widget-wrap elementor-element-populated\">\n\t\t\t\t\t\t<div class=\"elementor-element elementor-element-e79fb1e elementor-widget elementor-widget-text-editor\" data-id=\"e79fb1e\" data-element_type=\"widget\" data-e-type=\"widget\" data-widget_type=\"text-editor.default\">\n\t\t\t\t<div class=\"elementor-widget-container\">\n\t\t\t\t\t\t\t\t\t<h5><strong>Nos offres de location<\/strong><\/h5><p>Que vous soyez en qu\u00eate d\u2019une sortie paisible ou d\u2019une aventure en groupe, nous proposons une large gamme d\u2019embarcations adapt\u00e9es \u00e0 tous, \u00e0 des tarifs abordables :<\/p><ul><li>Cano\u00ebs (2, 3, ou 4 places)<\/li><li>Kayaks (1 ou 2 places)<\/li><li>Paddles individuels<\/li><\/ul><p>En outre, tout l\u2019\u00e9quipement n\u00e9cessaire est fourni : gilets de sauvetage, pagaies et bidons \u00e9tanches. Ainsi, il vous suffit de venir avec votre tenue adapt\u00e9e (maillot de bain, short, tee-shirt, chaussures ferm\u00e9es obligatoires) et votre bonne humeur.<\/p><p><strong>Horaires d&rsquo;ouverture :<\/strong> Uniquement en ao\u00fbt 2025, du mardi au dimanche de 14h \u00e0 19h.<\/p><p><strong>Cependant, attention, les mineurs doivent obligatoirement \u00eatre accompagn\u00e9s d&rsquo;un majeur<\/strong>.<\/p>\t\t\t\t\t\t\t\t<\/div>\n\t\t\t\t<\/div>\n\t\t\t\t<div class=\"elementor-element elementor-element-aaf7e4e elementor-widget elementor-widget-html\" data-id=\"aaf7e4e\" data-element_type=\"widget\" data-e-type=\"widget\" data-widget_type=\"html.default\">\n\t\t\t\t<div class=\"elementor-widget-container\">\n\t\t\t\t\t<style>\ntable {\n  border-collapse: collapse;\n  width: 100%;\n}\n\ntd {\n  text-align: center;\n  padding: 8px;\n}\n\nth {\n  background-color: #D13469;\n  color: #FFFFFF;\n}\n\ntr:nth-child(even) {\n  background-color: #CCEAF1;\n}\n<\/style>\n<table>\n  <tr>\n    <th>Tarifs \u00e0 l'embarcation assurance FFCK comprise<\/th>\n    <th>1H<\/th>\n    <th>2H<\/th>\n    <th>1\/2 Journ\u00e9e<\/th>\n  <\/tr>\n  <tr>\n    <td>Kayak enfant (1 enfant jusqu'\u00e0 12 ans)<\/td>\n    <td>9\u20ac<\/td>\n    <td>13\u20ac<\/td>\n    <td>21\u20ac<\/td>\n  <\/tr>\n  <tr>\n    <td>Kayak adulte (1 pers \u00e0 partir de 13 ans)<\/td>\n    <td>14\u20ac<\/td>\n    <td>21\u20ac<\/td>\n    <td>31\u20ac<\/td>\n  <\/tr>\n  <tr>\n    <td>Cano\u00eb ou kayak 2 places (2 adultes ou 1 adulte + 1 enfant)<\/td>\n    <td>26\u20ac<\/td>\n    <td>38\u20ac<\/td>\n    <td>56\u20ac<\/td>\n  <\/tr>\n  <tr>\n    <td>Cano\u00eb 3 places (2 adultes + 1 enfant)<\/td>\n    <td>33\u20ac<\/td>\n    <td>48\u20ac<\/td>\n    <td>71\u20ac<\/td>\n  <\/tr>\n  <tr>\n    <td>Cano\u00eb 4 places (3 adultes ou 2 adultes + 2 enfants)<\/td>\n    <td>38\u20ac<\/td>\n    <td>55\u20ac<\/td>\n    <td>81\u20ac<\/td>\n  <\/tr>\n  <tr>\n    <td>Paddle (2 pers maxi sur 1 paddle)<\/td>\n    <td>14\u20ac<\/td>\n    <td>21\u20ac<\/td>\n    <td>31\u20ac<\/td>\n  <\/tr>\n<\/table>\t\t\t\t<\/div>\n\t\t\t\t<\/div>\n\t\t\t\t\t<\/div>\n\t\t<\/div>\n\t\t\t\t\t<\/div>\n\t\t<\/section>\n\t\t\t\t<\/div>\n\t\t","protected":false},"excerpt":{"rendered":"<p>Locations saisonni\u00e8res \u00e0 Bourg-des-Comptes En ao\u00fbt, en plus du site de Pont-R\u00e9an, le CKCPR vous propose de venir naviguer en kayak, en paddle ou en cano\u00eb sur le site de la Courbe \u00e0 Bourg-des-Comptes. Le point de location se situe au niveau du petit chalet place de la Courbe \u00e0 Bourg-des-Comptes (en contre-bas du restaurant [&hellip;]<\/p>\n","protected":false},"author":11,"featured_media":0,"parent":0,"menu_order":0,"comment_status":"closed","ping_status":"closed","template":"","meta":{"site-sidebar-layout":"no-sidebar","site-content-layout":"page-builder","ast-site-content-layout":"full-width-container","site-content-style":"unboxed","site-sidebar-style":"unboxed","ast-global-header-display":"","ast-banner-title-visibility":"","ast-main-header-display":"","ast-hfb-above-header-display":"","ast-hfb-below-header-display":"","ast-hfb-mobile-header-display":"","site-post-title":"disabled","ast-breadcrumbs-content":"","ast-featured-img":"","footer-sml-layout":"","ast-disable-related-posts":"","theme-transparent-header-meta":"","adv-header-id-meta":"","stick-header-meta":"","header-above-stick-meta":"","header-main-stick-meta":"","header-below-stick-meta":"","astra-migrate-meta-layouts":"set","ast-page-background-enabled":"default","ast-page-background-meta":{"desktop":{"background-color":"","background-image":"","background-repeat":"repeat","background-position":"center center","background-size":"auto","background-attachment":"scroll","background-type":"","background-media":"","overlay-type":"","overlay-color":"","overlay-opacity":"","overlay-gradient":""},"tablet":{"background-color":"","background-image":"","background-repeat":"repeat","background-position":"center center","background-size":"auto","background-attachment":"scroll","background-type":"","background-media":"","overlay-type":"","overlay-color":"","overlay-opacity":"","overlay-gradient":""},"mobile":{"background-color":"","background-image":"","background-repeat":"repeat","background-position":"center center","background-size":"auto","background-attachment":"scroll","background-type":"","background-media":"","overlay-type":"","overlay-color":"","overlay-opacity":"","overlay-gradient":""}},"ast-content-background-meta":{"desktop":{"background-color":"var(--ast-global-color-5)","background-image":"","background-repeat":"repeat","background-position":"center center","background-size":"auto","background-attachment":"scroll","background-type":"","background-media":"","overlay-type":"","overlay-color":"","overlay-opacity":"","overlay-gradient":""},"tablet":{"background-color":"var(--ast-global-color-5)","background-image":"","background-repeat":"repeat","background-position":"center center","background-size":"auto","background-attachment":"scroll","background-type":"","background-media":"","overlay-type":"","overlay-color":"","overlay-opacity":"","overlay-gradient":""},"mobile":{"background-color":"var(--ast-global-color-5)","background-image":"","background-repeat":"repeat","background-position":"center center","background-size":"auto","background-attachment":"scroll","background-type":"","background-media":"","overlay-type":"","overlay-color":"","overlay-opacity":"","overlay-gradient":""}},"footnotes":""},"class_list":["post-9004","page","type-page","status-publish","hentry"],"yoast_head":"<!-- This site is optimized with the Yoast SEO plugin v27.4 - https:\/\/yoast.com\/product\/yoast-seo-wordpress\/ -->\n<title>Locations \u00e0 Bourg-des-Comptes - Cano\u00eb-Kayak Club de Pont-R\u00e9an<\/title>\n<meta name=\"robots\" content=\"index, follow, max-snippet:-1, max-image-preview:large, max-video-preview:-1\" \/>\n<link rel=\"canonical\" href=\"https:\/\/ckcpr.fr\/location-bourg-des-comptes\/\" \/>\n<meta property=\"og:locale\" content=\"fr_FR\" \/>\n<meta property=\"og:type\" content=\"article\" \/>\n<meta property=\"og:title\" content=\"Locations \u00e0 Bourg-des-Comptes - Cano\u00eb-Kayak Club de Pont-R\u00e9an\" \/>\n<meta property=\"og:description\" content=\"Locations saisonni\u00e8res \u00e0 Bourg-des-Comptes En ao\u00fbt, en plus du site de Pont-R\u00e9an, le CKCPR vous propose de venir naviguer en kayak, en paddle ou en cano\u00eb sur le site de la Courbe \u00e0 Bourg-des-Comptes. Le point de location se situe au niveau du petit chalet place de la Courbe \u00e0 Bourg-des-Comptes (en contre-bas du restaurant [&hellip;]\" \/>\n<meta property=\"og:url\" content=\"https:\/\/ckcpr.fr\/location-bourg-des-comptes\/\" \/>\n<meta property=\"og:site_name\" content=\"Cano\u00eb-Kayak Club de Pont-R\u00e9an\" \/>\n<meta property=\"article:modified_time\" content=\"2025-07-12T20:31:49+00:00\" \/>\n<meta property=\"og:image\" content=\"https:\/\/ckcpr.fr\/wp-content\/uploads\/2024\/03\/DSC_5745-scaled.jpg\" \/>\n\t<meta property=\"og:image:width\" content=\"2560\" \/>\n\t<meta property=\"og:image:height\" content=\"1707\" \/>\n\t<meta property=\"og:image:type\" content=\"image\/jpeg\" \/>\n<meta name=\"twitter:label1\" content=\"Dur\u00e9e de lecture estim\u00e9e\" \/>\n\t<meta name=\"twitter:data1\" content=\"2 minutes\" \/>\n<script type=\"application\/ld+json\" class=\"yoast-schema-graph\">{\"@context\":\"https:\\\/\\\/schema.org\",\"@graph\":[{\"@type\":\"WebPage\",\"@id\":\"https:\\\/\\\/ckcpr.fr\\\/location-bourg-des-comptes\\\/\",\"url\":\"https:\\\/\\\/ckcpr.fr\\\/location-bourg-des-comptes\\\/\",\"name\":\"Locations \u00e0 Bourg-des-Comptes - Cano\u00eb-Kayak Club de Pont-R\u00e9an\",\"isPartOf\":{\"@id\":\"https:\\\/\\\/ckcpr.fr\\\/#website\"},\"primaryImageOfPage\":{\"@id\":\"https:\\\/\\\/ckcpr.fr\\\/location-bourg-des-comptes\\\/#primaryimage\"},\"image\":{\"@id\":\"https:\\\/\\\/ckcpr.fr\\\/location-bourg-des-comptes\\\/#primaryimage\"},\"thumbnailUrl\":\"https:\\\/\\\/ckcpr.fr\\\/wp-content\\\/uploads\\\/2024\\\/03\\\/DSC_5745-768x512.jpg\",\"datePublished\":\"2022-03-13T18:14:20+00:00\",\"dateModified\":\"2025-07-12T20:31:49+00:00\",\"breadcrumb\":{\"@id\":\"https:\\\/\\\/ckcpr.fr\\\/location-bourg-des-comptes\\\/#breadcrumb\"},\"inLanguage\":\"fr-FR\",\"potentialAction\":[{\"@type\":\"ReadAction\",\"target\":[\"https:\\\/\\\/ckcpr.fr\\\/location-bourg-des-comptes\\\/\"]}]},{\"@type\":\"ImageObject\",\"inLanguage\":\"fr-FR\",\"@id\":\"https:\\\/\\\/ckcpr.fr\\\/location-bourg-des-comptes\\\/#primaryimage\",\"url\":\"https:\\\/\\\/ckcpr.fr\\\/wp-content\\\/uploads\\\/2024\\\/03\\\/DSC_5745-scaled.jpg\",\"contentUrl\":\"https:\\\/\\\/ckcpr.fr\\\/wp-content\\\/uploads\\\/2024\\\/03\\\/DSC_5745-scaled.jpg\",\"width\":2560,\"height\":1707,\"caption\":\"Cano\u00ebs et kayak \u00e0 la Courbe Bourg-des-Comptes\"},{\"@type\":\"BreadcrumbList\",\"@id\":\"https:\\\/\\\/ckcpr.fr\\\/location-bourg-des-comptes\\\/#breadcrumb\",\"itemListElement\":[{\"@type\":\"ListItem\",\"position\":1,\"name\":\"Accueil\",\"item\":\"https:\\\/\\\/ckcpr.fr\\\/\"},{\"@type\":\"ListItem\",\"position\":2,\"name\":\"Locations \u00e0 Bourg-des-Comptes\"}]},{\"@type\":\"WebSite\",\"@id\":\"https:\\\/\\\/ckcpr.fr\\\/#website\",\"url\":\"https:\\\/\\\/ckcpr.fr\\\/\",\"name\":\"Cano\u00eb-Kayak Club de Pont-R\u00e9an\",\"description\":\"\",\"publisher\":{\"@id\":\"https:\\\/\\\/ckcpr.fr\\\/#organization\"},\"potentialAction\":[{\"@type\":\"SearchAction\",\"target\":{\"@type\":\"EntryPoint\",\"urlTemplate\":\"https:\\\/\\\/ckcpr.fr\\\/?s={search_term_string}\"},\"query-input\":{\"@type\":\"PropertyValueSpecification\",\"valueRequired\":true,\"valueName\":\"search_term_string\"}}],\"inLanguage\":\"fr-FR\"},{\"@type\":\"Organization\",\"@id\":\"https:\\\/\\\/ckcpr.fr\\\/#organization\",\"name\":\"Cano\u00eb-Kayak Club de Pont-R\u00e9an\",\"url\":\"https:\\\/\\\/ckcpr.fr\\\/\",\"logo\":{\"@type\":\"ImageObject\",\"inLanguage\":\"fr-FR\",\"@id\":\"https:\\\/\\\/ckcpr.fr\\\/#\\\/schema\\\/logo\\\/image\\\/\",\"url\":\"https:\\\/\\\/ckcpr.fr\\\/wp-content\\\/uploads\\\/2022\\\/03\\\/cropped-cropped-Logo_ckcpr_horizontal.jpg\",\"contentUrl\":\"https:\\\/\\\/ckcpr.fr\\\/wp-content\\\/uploads\\\/2022\\\/03\\\/cropped-cropped-Logo_ckcpr_horizontal.jpg\",\"width\":468,\"height\":156,\"caption\":\"Cano\u00eb-Kayak Club de Pont-R\u00e9an\"},\"image\":{\"@id\":\"https:\\\/\\\/ckcpr.fr\\\/#\\\/schema\\\/logo\\\/image\\\/\"}}]}<\/script>\n<!-- \/ Yoast SEO plugin. -->","yoast_head_json":{"title":"Locations \u00e0 Bourg-des-Comptes - Cano\u00eb-Kayak Club de Pont-R\u00e9an","robots":{"index":"index","follow":"follow","max-snippet":"max-snippet:-1","max-image-preview":"max-image-preview:large","max-video-preview":"max-video-preview:-1"},"canonical":"https:\/\/ckcpr.fr\/location-bourg-des-comptes\/","og_locale":"fr_FR","og_type":"article","og_title":"Locations \u00e0 Bourg-des-Comptes - Cano\u00eb-Kayak Club de Pont-R\u00e9an","og_description":"Locations saisonni\u00e8res \u00e0 Bourg-des-Comptes En ao\u00fbt, en plus du site de Pont-R\u00e9an, le CKCPR vous propose de venir naviguer en kayak, en paddle ou en cano\u00eb sur le site de la Courbe \u00e0 Bourg-des-Comptes. Le point de location se situe au niveau du petit chalet place de la Courbe \u00e0 Bourg-des-Comptes (en contre-bas du restaurant [&hellip;]","og_url":"https:\/\/ckcpr.fr\/location-bourg-des-comptes\/","og_site_name":"Cano\u00eb-Kayak Club de Pont-R\u00e9an","article_modified_time":"2025-07-12T20:31:49+00:00","og_image":[{"width":2560,"height":1707,"url":"https:\/\/ckcpr.fr\/wp-content\/uploads\/2024\/03\/DSC_5745-scaled.jpg","type":"image\/jpeg"}],"twitter_misc":{"Dur\u00e9e de lecture estim\u00e9e":"2 minutes"},"schema":{"@context":"https:\/\/schema.org","@graph":[{"@type":"WebPage","@id":"https:\/\/ckcpr.fr\/location-bourg-des-comptes\/","url":"https:\/\/ckcpr.fr\/location-bourg-des-comptes\/","name":"Locations \u00e0 Bourg-des-Comptes - Cano\u00eb-Kayak Club de Pont-R\u00e9an","isPartOf":{"@id":"https:\/\/ckcpr.fr\/#website"},"primaryImageOfPage":{"@id":"https:\/\/ckcpr.fr\/location-bourg-des-comptes\/#primaryimage"},"image":{"@id":"https:\/\/ckcpr.fr\/location-bourg-des-comptes\/#primaryimage"},"thumbnailUrl":"https:\/\/ckcpr.fr\/wp-content\/uploads\/2024\/03\/DSC_5745-768x512.jpg","datePublished":"2022-03-13T18:14:20+00:00","dateModified":"2025-07-12T20:31:49+00:00","breadcrumb":{"@id":"https:\/\/ckcpr.fr\/location-bourg-des-comptes\/#breadcrumb"},"inLanguage":"fr-FR","potentialAction":[{"@type":"ReadAction","target":["https:\/\/ckcpr.fr\/location-bourg-des-comptes\/"]}]},{"@type":"ImageObject","inLanguage":"fr-FR","@id":"https:\/\/ckcpr.fr\/location-bourg-des-comptes\/#primaryimage","url":"https:\/\/ckcpr.fr\/wp-content\/uploads\/2024\/03\/DSC_5745-scaled.jpg","contentUrl":"https:\/\/ckcpr.fr\/wp-content\/uploads\/2024\/03\/DSC_5745-scaled.jpg","width":2560,"height":1707,"caption":"Cano\u00ebs et kayak \u00e0 la Courbe Bourg-des-Comptes"},{"@type":"BreadcrumbList","@id":"https:\/\/ckcpr.fr\/location-bourg-des-comptes\/#breadcrumb","itemListElement":[{"@type":"ListItem","position":1,"name":"Accueil","item":"https:\/\/ckcpr.fr\/"},{"@type":"ListItem","position":2,"name":"Locations \u00e0 Bourg-des-Comptes"}]},{"@type":"WebSite","@id":"https:\/\/ckcpr.fr\/#website","url":"https:\/\/ckcpr.fr\/","name":"Cano\u00eb-Kayak Club de Pont-R\u00e9an","description":"","publisher":{"@id":"https:\/\/ckcpr.fr\/#organization"},"potentialAction":[{"@type":"SearchAction","target":{"@type":"EntryPoint","urlTemplate":"https:\/\/ckcpr.fr\/?s={search_term_string}"},"query-input":{"@type":"PropertyValueSpecification","valueRequired":true,"valueName":"search_term_string"}}],"inLanguage":"fr-FR"},{"@type":"Organization","@id":"https:\/\/ckcpr.fr\/#organization","name":"Cano\u00eb-Kayak Club de Pont-R\u00e9an","url":"https:\/\/ckcpr.fr\/","logo":{"@type":"ImageObject","inLanguage":"fr-FR","@id":"https:\/\/ckcpr.fr\/#\/schema\/logo\/image\/","url":"https:\/\/ckcpr.fr\/wp-content\/uploads\/2022\/03\/cropped-cropped-Logo_ckcpr_horizontal.jpg","contentUrl":"https:\/\/ckcpr.fr\/wp-content\/uploads\/2022\/03\/cropped-cropped-Logo_ckcpr_horizontal.jpg","width":468,"height":156,"caption":"Cano\u00eb-Kayak Club de Pont-R\u00e9an"},"image":{"@id":"https:\/\/ckcpr.fr\/#\/schema\/logo\/image\/"}}]}},"_links":{"self":[{"href":"https:\/\/ckcpr.fr\/index.php\/wp-json\/wp\/v2\/pages\/9004","targetHints":{"allow":["GET"]}}],"collection":[{"href":"https:\/\/ckcpr.fr\/index.php\/wp-json\/wp\/v2\/pages"}],"about":[{"href":"https:\/\/ckcpr.fr\/index.php\/wp-json\/wp\/v2\/types\/page"}],"author":[{"embeddable":true,"href":"https:\/\/ckcpr.fr\/index.php\/wp-json\/wp\/v2\/users\/11"}],"replies":[{"embeddable":true,"href":"https:\/\/ckcpr.fr\/index.php\/wp-json\/wp\/v2\/comments?post=9004"}],"version-history":[{"count":116,"href":"https:\/\/ckcpr.fr\/index.php\/wp-json\/wp\/v2\/pages\/9004\/revisions"}],"predecessor-version":[{"id":14877,"href":"https:\/\/ckcpr.fr\/index.php\/wp-json\/wp\/v2\/pages\/9004\/revisions\/14877"}],"wp:attachment":[{"href":"https:\/\/ckcpr.fr\/index.php\/wp-json\/wp\/v2\/media?parent=9004"}],"curies":[{"name":"wp","href":"https:\/\/api.w.org\/{rel}","templated":true}]}}